ase 3?
211121001
Convert -241031 (base 7) to base 9.
-65705
Convert -76c (base 14) to base 9.
-2011
What is 50145 (base 9) in base 2?
1000000010011111
-29a (base 14) to base 16
-210
Convert 1203 (base 5) to base 12.
12a
-127 (base 16) to base 12
-207
-d4 (base 14) to base 8
-272
What is 110111 (base 2) in base 15?
3a
What is 201221 (base 3) in base 5?
4123
Convert -48c (base 16) to base 7.
-3252
Convert -79 (base 13) to base 15.
-6a
148c (base 13) to base 4
232231
2032124 (base 5) to base 12
17406
What is 469 (base 16) in base 7?
3202
What is 563 (base 14) in base 11?
890
What is -2a58 (base 14) in base 2?
-1110101100110
Convert -1022311 (base 4) to base 10.
-4789
Convert -14b (base 14) to base 15.
-128
What is 12012 (base 4) in base 14?
1dc
What is 428 (base 11) in base 2?
1000000010
What is -200122 (base 3) in base 2?
-111110111
What is -4189 (base 12) in base 6?
-53053
What is -124b (base 15) in base 8?
-7470
Convert -43960 (base 10) to base 3.
-2020022011
Convert a4b (base 13) to base 14.
8d3
d9e (base 16) to base 14
13b0
What is -22021 (base 3) in base 7?
-436
Convert 3ad7 (base 15) to base 8.
30441
Convert -2141 (base 5) to base 9.
-358
-243623 (base 7) to base 13
-17387
What is 101010010010 (base 2) in base 9?
3636
Convert 467 (base 14) to base 11.
726
Convert 2611 (base 13) to base 2.
1010100101110
Convert -1ab (base 14) to base 15.
-182
What is 142230 (base 5) in base 4?
1130310
-227c (base 16) to base 15
-2938
-2335 (base 9) to base 16
-6c5
Convert 3b7c (base 13) to base 12.
4b49
Convert 52a (base 11) to base 15.
2c7
What is -13321 (base 4) in base 10?
-505
Convert -1715 (base 9) to base 4.
-110132
Convert -2c8b (base 13) to base 7.
-25026
What is -320 (base 5) in base 7?
-151
17422 (base 8) to base 7
32122
877 (base 10) to base 6
4021
What is -6172 (base 9) in base 10?
-4520
What is 301413 (base 5) in base 7?
40004
What is 32331 (base 5) in base 13?
1016
What is 5340 (base 6) in base 8?
2274
Convert 11101 (base 2) to base 4.
131
-213433 (base 5) to base 14
-2984
-1010000010011010 (base 2) to base 16
-a09a
What is -20111 (base 3) in base 9?
-214
-1001011111 (base 2) to base 8
-1137
4347 (base 8) to base 9
3112
What is -13b7 (base 14) in base 13?
-1789
Convert -1010 (base 7) to base 11.
-299
What is 3211320 (base 4) in base 11?
10065
Convert 1b0 (base 15) to base 8.
606
Convert -9822 (base 12) to base 14.
-6150
What is -101001111010 (base 2) in base 15?
-bdc
-13003323 (base 4) to base 8
-70373
-14067 (base 9) to base 13
-4459
Convert -111010100000 (base 2) to base 3.
-12010200
Convert 110111011 (base 2) to base 15.
1e8
2411 (base 7) to base 4
31322
Convert 114c (base 15) to base 7.
13464
1011111011101 (base 2) to base 5
143414
Convert 1011011110 (base 2) to base 15.
33e
What is 112112 (base 3) in base 15?
1b2
Convert 1551 (base 6) to base 10.
427
Convert -87 (base 14) to base 13.
-92
Convert 409 (base 11) to base 6.
2141
What is 1662 (base 7) in base 13?
405
-40332 (base 5) to base 8
-5040
What is -40 (base 8) in base 2?
-100000
-1b5 (base 12) to base 2
-100011001
22120 (base 6) to base 13
1524
What is -2544 (base 9) in base 15?
-86d
Convert 22 (base 5) to base 14.
c
What is 293a (base 12) in base 10?
4798
-2a57 (base 14) to base 11
-5721
6723 (base 8) to base 12
206b
13241 (base 5) to base 15
4b6
-1113221 (base 4) to base 5
-134414
-100313 (base 4) to base 14
-571
347 (base 15) to base 14
3b0
Convert 130 (base 11) to base 13.
bb
Convert -120 (base 9) to base 16.
-63
Convert -3521 (base 6) to base 15.
-3b1
Convert -7795 (base 14) to base 12.
-bb9b
What is 355 (base 10) in base 4?
11203
Convert -32223 (base 4) to base 11.
-784
376 (base 13) to base 10
604
What is 430 (base 10) in base 2?
110101110
1203001 (base 4) to base 11
4841
-85c (base 14) to base 11
-1270
What is -1511 (base 10) in base 5?
-22021
What is 1111010110101 (base 2) in base 10?
7861
Convert 10110110 (base 2) to base 13.
110
What is -30a8 (base 15) in base 3?
-112002212
-1414 (base 11) to base 9
-2453
What is 2c9 (base 16) in base 10?
713
What is 211330 (base 4) in base 5?
34203
11101000010 (base 2) to base 10
1858
5745 (base 9) to base 8
10235
Convert 11744 (base 11) to base 6.
210031
1a51 (base 12) to base 5
100404
What is 11133 (base 4) in base 8?
537
-1552 (base 8) to base 14
-466
Convert -103102 (base 4) to base 14.
-642
What is 251 (base 11) in base 12?
20a
Convert -606 (base 10) to base 16.
-25e
-210232 (base 4) to base 5
-33400
Convert 3155 (base 7) to base 10.
1118
-47f (base 16) to base 12
-7bb
Convert -1192 (base 10) to base 12.
-834
2622 (base 9) to base 2
11110101100
Convert 120212 (base 3) to base 16.
1ac
1004 (base 6) to base 9
264
-42404 (base 6) to base 3
-21220111
-1a13b (base 12) to base 8
-112477
What is 93 (base 13) in base 16?
78
-2657 (base 8) to base 9
-1886
21a6 (base 12) to base 6
25130
Convert -1026 (base 16) to base 7.
-15024
Convert 20112 (base 6) to base 14.
d64
-10112 (base 4) to base 7
-545
-213110 (base 4) to base 6
-15352
11101212 (base 3) to base 5
100314
Convert 1c9 (base 13) to base 3.
110101
-2a37 (base 11) to base 14
-15d6
-270 (base 8) to base 11
-158
What is -2014402 (base 5) in base 3?
-1122112212
Convert 1100 (base 11) to base 10.
1452
1bd (base 14) to base 7
1026
-12405 (base 6) to base 4
-131111
-487 (base 16) to base 5
-14114
What is -1c1 (base 13) in base 9?
-402
What is -13403 (base 7) in base 11?
-27aa
Convert -806 (base 11) to base 13.
-59c
Convert a6d (base 15) to base 9.
3204
Convert 1525a (base 11) to base 8.
52143
Convert -8684 (base 13) to base 7.
-105341
What is 97 (base 14) in base 5?
1013
-21022003 (base 4) to base 6
-445351
-10001000011011 (base 2) to base 15
-28c1
What is -165 (base 13) in base 5?
-2002
What is 10101100 (base 3) in base 13?
1179
101122 (base 3) to base 7
560
What is -100110110101001 (base 2) in base 5?
-1114011
What is -195 (base 16) in base 8?
-625
4122 (base 6) to base 4
32102
Convert -12202100 (base 3) to base 12.
-2516
-1000003 (base 4) to base 10
-4099
-c26 (base 14) to base 15
-a91
What is -412431 (base 5) in base 2?
-11010010110011
Convert 101 (base 12) to base 6.
401
What is -11011101001011 (base 2) in base 6?
-145311
-342420 (base 5) to base 8
-27713
What is 14314 (base 5) in base 6?
5333
Convert 111 (base 5) to base 2.
11111
What is -c14 (base 16) in base 6?
-22152
Convert 2158 (base 9) to base 16.
638
-1445 (base 11) to base 16
-748
1010101101100 (base 2) to base 16
156c
What is 1502 (base 6) in base 9?
482
Convert 934 (base 10) to base 4.
32212
513 (base 11) to base 14
323
-195 (base 15) to base 10
-365
674b (base 12) to base 2
10110010101011
e46 (base 16) to base 15
1139
3236 (base 7) to base 14
5c6
2141 (base 7) to base 14
3c8
Convert 2674 (base 13) to base 11.
4153
Convert 10222021020 (base 3) to base 4.
103011312
What is 113345 (base 8) in base 15?
b6a4
What is -594 (base 11) in base 10?
-708
Convert 51354 (base 6) to base 7.
25636
Convert 3442 (base 6) to base 13.
4ac
Convert -20022112 (base 3) to base 9.
-6275
Convert 1071 (base 8) to base 15.
27e
What is -121220 (base 3) in base 12?
-320
112221 (base 3) to base 4
12103
-1001010101101 (base 2) to base 14
-1a57
225 (base 16) to base 8
1045
-8c (base 14) to base 7
-235
What is 2d (base 16) in base 8?
55
49246 (base 10) to base 8
140136
Convert -16d6 (base 14) to base 12.
-2464
Convert 21431 (base 7) to base 16.
14f3
What is 4046 (base 8) in base 16?
826
-112542 (base 6) to base 2
-10010111101110
What is 2400 (base 5) in base 4?
11132
What is -1201210 (base 4) in base 13?
-2ac4
What is -1156 (base 8) in base 6?
-2514
Convert -424001 (base 5) to base 7.
-56356
43 (base 11) to base 16
2f
What is -10612 (base 7) in base 10?
-2704
Convert 600 (base 11) to base 6.
3210
What is -33222 (base 4) in base 6?
-4350
What is -434 (base 12) in base 10?
-616
Convert -23283 (base 10) to base 15.
-6d73
What is -334 (base 7) in base 10?
-172
Convert -46427 (base 8) to base 3.
-1000001221
Convert -4534 (base 7) to base 4.
-121222
-a426 (base 14) to base 11
-1a25a
Convert -347 (base 9) to base 12.
-1ba
-2351 (base 9) to base 8
-3323
22330 (base 4) to base 5
10300
2746 (base 9) to base 15
92c
Convert -4b (base 14) to base 2.
-1000011
What is 1301324 (base 5) in base 13?
b627
What is 134 (base 12) in base 5?
1214
43303 (base 6) to base 9
8133
Wha